.
5, 11
List the prime factors of 12478.
2, 17, 367
List the prime factors of 23056.
2, 11, 131
List the prime factors of 55.
5, 11
What are the prime factors of 43925?
5, 7, 251
List the prime factors of 2876.
2, 719
What are the prime factors of 967?
967
List the prime factors of 1176.
2, 3, 7
What are the prime factors of 148959?
3, 613
List the prime factors of 1293.
3, 431
What are the prime factors of 4587?
3, 11, 139
What are the prime factors of 1226?
2, 613
What are the prime factors of 196?
2, 7
List the prime factors of 129924.
2, 3, 401
List the prime factors of 418.
2, 11, 19
List the prime factors of 9526.
2, 11, 433
List the prime factors of 4304.
2, 269
List the prime factors of 1556.
2, 389
What are the prime factors of 413?
7, 59
What are the prime factors of 153732?
2, 3, 23, 557
List the prime factors of 4542.
2, 3, 757
List the prime factors of 9112.
2, 17, 67
What are the prime factors of 150?
2, 3, 5
What are the prime factors of 23?
23
List the prime factors of 5395.
5, 13, 83
List the prime factors of 1550.
2, 5, 31
What are the prime factors of 5909?
19, 311
List the prime factors of 69335.
5, 7, 283
List the prime factors of 2942.
2, 1471
What are the prime factors of 20398?
2, 7, 31, 47
List the prime factors of 86828.
2, 7, 443
List the prime factors of 2190.
2, 3, 5, 73
List the prime factors of 18493.
18493
List the prime factors of 73507.
7, 10501
What are the prime factors of 2502?
2, 3, 139
What are the prime factors of 7378?
2, 7, 17, 31
List the prime factors of 1165.
5, 233
List the prime factors of 76.
2, 19
What are the prime factors of 80368?
2, 5023
What are the prime factors of 36384?
2, 3, 379
What are the prime factors of 1846?
2, 13, 71
What are the prime factors of 786?
2, 3, 131
What are the prime factors of 1211?
7, 173
What are the prime factors of 1792?
2, 7
List the prime factors of 60096.
2, 3, 313
What are the prime factors of 1066?
2, 13, 41
What are the prime factors of 6401?
37, 173
List the prime factors of 18205.
5, 11, 331
List the prime factors of 5313.
3, 7, 11, 23
List the prime factors of 10579.
71, 149
What are the prime factors of 36364?
2, 9091
What are the prime factors of 1327?
1327
List the prime factors of 27032.
2, 31, 109
What are the prime factors of 54859?
7, 17, 461
What are the prime factors of 5983?
31, 193
List the prime factors of 1708.
2, 7, 61
List the prime factors of 760.
2, 5, 19
What are the prime factors of 1369?
37
List the prime factors of 74486.
2, 37243
List the prime factors of 4507.
4507
What are the prime factors of 4364?
2, 1091
List the prime factors of 13337.
13337
List the prime factors of 22260.
2, 3, 5, 7, 53
List the prime factors of 478.
2, 239
What are the prime factors of 236?
2, 59
List the prime factors of 16633.
16633
List the prime factors of 5306.
2, 7, 379
What are the prime factors of 671?
11, 61
List the prime factors of 1974.
2, 3, 7, 47
List the prime factors of 13928.
2, 1741
List the prime factors of 339.
3, 113
List the prime factors of 119.
7, 17
What are the prime factors of 397?
397
What are the prime factors of 4915?
5, 983
List the prime factors of 1649.
17, 97
List the prime factors of 15481.
113, 137
List the prime factors of 20658.
2, 3, 11, 313
List the prime factors of 24671.
24671
List the prime factors of 33312.
2, 3, 347
List the prime factors of 1937.
13, 149
What are the prime factors of 46724?
2, 11681
List the prime factors of 1327.
1327
List the prime factors of 7531.
17, 443
List the prime factors of 40347.
3, 4483
List the prime factors of 4702.
2, 2351
What are the prime factors of 11913?
3, 11, 19
List the prime factors of 4182.
2, 3, 17, 41
What are the prime factors of 633?
3, 211
What are the prime factors of 4845?
3, 5, 17, 19
What are the prime factors of 24599?
17, 1447
What are the prime factors of 4752?
2, 3, 11
What are the prime factors of 77464?
2, 23, 421
List the prime factors of 1926.
2, 3, 107
List the prime factors of 51002.
2, 7, 3643
List the prime factors of 34463.
11, 13, 241
What are the prime factors of 12539?
12539
What are the prime factors of 1119?
3, 373
List the prime factors of 2050.
2, 5, 41
What are the prime factors of 24177?
3, 8059
What are the prime factors of 1092?
2, 3, 7, 13
List the prime factors of 7127.
7127
What are the prime factors of 11069?
11069
List the prime factors of 23821.
7, 41, 83
What are the prime factors of 9072?
2, 3, 7
What are the prime factors of 2074?
2, 17, 61
List the prime factors of 2389.
2389
What are the prime factors of 57430?
2, 5, 5743
What are the prime factors of 25843?
43, 601
List the prime factors of 3268.
2, 19, 43
List the prime factors of 902.
2, 11, 41
List the prime factors of 23770.
2, 5, 2377
What are the prime factors of 86017?
86017
List the prime factors of 19040.
2, 5, 7, 17
List the prime factors of 46.
2, 23
List the prime factors of 43.
43
List the prime factors of 33334.
2, 7, 2381
List the prime factors of 927.
3, 103
What are the prime factors of 31108?
2, 7, 11, 101
List the prime factors of 11702.
2, 5851
What are the prime factors of 862?
2, 431
List the prime factors of 83998.
2, 41999
What are the prime factors of 1367?
1367
List the prime factors of 8842.
2, 4421
List the prime factors of 10331.
10331
What are the prime factors of 1494?
2, 3, 83
List the prime factors of 3075.
3, 5, 41
What are the prime factors of 77843?
17, 19, 241
List the prime factors of 118846.
2, 7, 13, 653
List the prime factors of 19789.
7, 11, 257
What are the prime factors of 20191?
61, 331
List the prime factors of 1348.
2, 337
List the prime factors of 1708.
2, 7, 61
What are the prime factors of 195?
3, 5, 13
List the prime factors of 49184.
2, 29, 53
List the prime factors of 4842.
2, 3, 269
List the prime factors of 18043.
18043
List the prime factors of 627.
3, 11, 19
List the prime factors of 1808.
2, 113
What are the prime factors of 724?
2, 181
List the prime factors of 14735.
5, 7, 421
What are the prime factors of 10223?
10223
What are the prime factors of 319?
11, 29
What are the prime factors of 250?
2, 5
List the prime factors of 29.
29
What are the prime factors of 4566?
2, 3, 761
List the prime factors of 2142.
2, 3, 7, 17
What are the prime factors of 70788?
2, 3, 17, 347
What are the prime factors of 576?
2, 3
What are the prime factors of 61326?
2, 3, 3407
List the prime factors of 7496.
2, 937
List the prime factors of 13700.
2, 5, 137
What are the prime factors of 30209?
17, 1777
List the prime factors of 10881.
3, 13, 31
What are the prime factors of 7041?
3, 2347
What are the prime factors of 2290?
2, 5, 229
List the prime factors of 13603.
61, 223
What are the prime factors of 1583?
1583
List the prime factors of 206.
2, 103
List the prime factors of 5797.
11, 17, 31
What are the prime factors of 2703?
3, 17, 53
List the prime factors of 47671.
13, 19, 193
List the prime factors of 59498.
2, 71, 419
What are the prime factors of 11839?
11839
What are the prime factors of 21110?
2, 5, 2111
What are the prime factors of 857?
857
List the prime factors of 57394.
2, 28697
What are the prime factors of 42501?
3, 31, 457
List the prime factors of 10234.
2, 7, 17, 43
List the prime factors of 21201.
3, 37, 191
What are the prime factors of 50427?
3, 13, 431
List the prime factors of 4082.
2, 13, 157
What are the prime factors of 86621?
19, 47, 97
List the prime factors of 1324.
2, 331
What are the prime factors of 14369?
14369
What are the prime factors of 2758?
2, 7, 197
List the prime factors of 1055.
5, 211
List the prime factors of 472.
2, 59
What are the prime factors of 11336?
2, 13, 109
What are the prime factors of 2174?
2, 1087
List the prime factors of 2942.
2, 1471
What are the prime factors of 1266?
2, 3, 211
List the prime factors of 4276.
2, 1069
List the prime factors of 19086.
2, 3, 3181
List the prime factors of 62530.
2, 5, 13, 37
What are the prime factors of 1046?
2, 523
List the prime factors of 51815.
5, 43, 241
What are the prime factors of 5938?
2, 2969
List the prime factors of 7278.
2, 3, 1213
What are the prime factors of 13362?
2, 3, 17, 131
List the prime factors of 181.
181
List the prime factors of 34688.
2, 271
List the prime factors of 7227.
3, 11, 73
List the prime factors of 2019